t is the greatest common divisor of 588962 and 2090?
418
Calculate the greatest common factor of 223715 and 886.
443
Calculate the highest common factor of 5295 and 48.
3
What is the highest common factor of 168988 and 19588?
332
Calculate the highest common factor of 339 and 7571.
113
Calculate the highest common divisor of 311087 and 133.
133
Calculate the greatest common divisor of 6800 and 733550.
850
What is the highest common divisor of 247302 and 3762?
198
Calculate the highest common divisor of 146334 and 4.
2
Calculate the greatest common factor of 31152 and 12672.
528
Calculate the highest common divisor of 20 and 131210.
10
Calculate the highest common factor of 3615 and 2892.
723
Calculate the highest common divisor of 1290093 and 189.
21
What is the greatest common divisor of 2751 and 775389?
393
Calculate the greatest common factor of 29318 and 6850.
274
Calculate the greatest common divisor of 215624 and 8.
8
What is the highest common divisor of 99082 and 3241?
463
Calculate the highest common factor of 24 and 471240.
24
What is the highest common factor of 31746 and 35178?
858
Calculate the greatest common divisor of 7 and 562303.
7
Calculate the greatest common divisor of 90259 and 1378.
689
What is the highest common factor of 200 and 50450?
50
What is the greatest common factor of 60 and 4250?
10
Calculate the greatest common factor of 2 and 57866.
2
What is the greatest common factor of 900 and 1734570?
90
What is the highest common divisor of 80816 and 16?
16
Calculate the greatest common factor of 21 and 3875207.
7
Calculate the greatest common divisor of 19809 and 93.
93
Calculate the highest common factor of 112 and 11168.
16
Calculate the greatest common factor of 30888 and 4888.
104
Calculate the highest common divisor of 105 and 14340.
15
Calculate the highest common factor of 288 and 1147536.
144
What is the highest common factor of 512 and 9440?
32
Calculate the highest common divisor of 387616 and 32.
32
What is the highest common factor of 748 and 68?
68
Calculate the greatest common factor of 82409 and 1541.
23
Calculate the highest common factor of 224220 and 20.
20
Calculate the greatest common divisor of 114433 and 309.
103
Calculate the greatest common divisor of 390510 and 90.
90
What is the greatest common factor of 11264 and 50776?
88
What is the highest common divisor of 630 and 11610?
90
Calculate the highest common factor of 113528 and 115.
23
What is the greatest common divisor of 62 and 361553?
31
Calculate the highest common divisor of 520 and 2680.
40
Calculate the greatest common factor of 20180 and 140.
20
What is the highest common divisor of 23972 and 416?
52
What is the greatest common divisor of 32 and 246716?
4
Calculate the highest common factor of 1095 and 3695.
5
Calculate the greatest common divisor of 254 and 85598.
254
What is the highest common divisor of 501280 and 7072?
416
What is the greatest common factor of 819 and 167271?
39
Calculate the highest common divisor of 6755 and 525.
35
What is the highest common factor of 182889 and 21?
21
Calculate the greatest common factor of 52656 and 1776.
48
Calculate the highest common factor of 94346 and 28.
14
Calculate the greatest common divisor of 123 and 3.
3
Calculate the highest common factor of 315 and 13041.
63
What is the highest common divisor of 225 and 5575?
25
What is the greatest common divisor of 20790 and 3024?
378
Calculate the highest common factor of 572110 and 13090.
770
What is the highest common divisor of 511 and 70?
7
Calculate the highest common factor of 30705 and 1725.
345
What is the highest common divisor of 85226 and 86?
86
Calculate the greatest common divisor of 8055 and 105.
15
Calculate the highest common divisor of 14502 and 184.
2
What is the greatest common divisor of 364 and 294476?
364
Calculate the highest common divisor of 21771 and 3127.
59
What is the highest common divisor of 559786 and 106?
106
What is the greatest common divisor of 67752 and 252?
36
What is the highest common divisor of 6931 and 124997?
239
Calculate the highest common divisor of 216 and 15822.
54
Calculate the highest common factor of 12 and 1042431.
3
Calculate the highest common factor of 1 and 261711.
1
Calculate the greatest common factor of 20 and 41740.
20
Calculate the greatest common factor of 1843 and 30264.
97
What is the greatest common divisor of 4375 and 2875?
125
What is the highest common factor of 30 and 103704?
6
What is the greatest common factor of 78425 and 425?
25
Calculate the greatest common factor of 189 and 5004.
9
Calculate the greatest common divisor of 110 and 20614.
22
What is the greatest common divisor of 292160 and 19505?
415
Calculate the highest common divisor of 7475 and 44200.
325
What is the greatest common factor of 951 and 123947?
317
Calculate the highest common factor of 636 and 15370.
106
Calculate the greatest common divisor of 1553117 and 4902.
817
What is the greatest common factor of 112681 and 802?
401
What is the greatest common divisor of 2439 and 8401?
271
What is the highest common divisor of 2340 and 51220?
260
Calculate the greatest common divisor of 612911 and 39.
13
Calculate the highest common divisor of 12 and 25266.
6
What is the highest common factor of 240254 and 28?
14
What is the highest common divisor of 169 and 502099?
169
What is the greatest common divisor of 1336213 and 19?
19
Calculate the greatest common factor of 700 and 68124.
28
What is the highest common factor of 106499 and 1405?
281
What is the highest common divisor of 798 and 3654?
42
What is the highest common divisor of 734754 and 4405?
881
Calculate the highest common divisor of 152 and 364249.
19
What is the greatest common factor of 37069 and 57?
19
What is the highest common factor of 72275 and 59?
59
Calculate the highest common factor of 6722203 and 4299.
1433
Calculate the greatest common factor of 75184 and 2849.
37
Calculate the greatest common divisor of 42 and 4235469.
21
What is the greatest common divisor of 5852 and 168?
28
What is the highest common divisor of 181 and 995?
1
What is the greatest common divisor of 850 and 1315400?
50
What is the highest common factor of 206 and 9086?
2
Calculate the highest common divisor of 37317 and 329.
7
Calculate the highest common divisor of 2349 and 725.
29
What is the greatest common divisor of 220152 and 24?
24
Calculate the greatest common divisor of 976 and 33776.
16
What is the highest common factor of 238 and 239722?
14
Calculate the highest common divisor of 63 and 5271.
21
Calculate the greatest common factor of 3650 and 1300.
50
What is the greatest common divisor of 22589 and 78831?
461
Calculate the highest common factor of 323580 and 180.
60
Calculate the greatest common divisor of 567 and 71631.
189
Calculate the highest common factor of 42 and 5558.
14
What is the highest common factor of 964848 and 96?
48
Calculate the greatest common divisor of 18658 and 304.
38
What is the greatest common divisor of 1804 and 10988?
164
What is the highest common factor of 1395 and 1875655?
155
Calculate the highest common divisor of 12974852 and 11.
11
Calculate the highest common divisor of 33 and 45397.
11
What is the highest common divisor of 75 and 1000875?
75
What is the highest common factor of 672 and 2268?
84
Calculate the greatest common factor of 75020 and 2480.
620
Calculate the highest common divisor of 732 and 33489.
183
What is the greatest common factor of 375184 and 3580?
716
What is the greatest common divisor of 3712 and 301136?
464
What is the highest common divisor of 210528 and 240?
48
Calculate the highest common divisor of 5076 and 188.
188
What is the highest common factor of 398563 and 418?
209
What is the highest common factor of 1206 and 17595?
9
Calculate the highest common divisor of 3395 and 430680.
485
What is the highest common divisor of 616 and 306812?
44
What is the highest common factor of 5 and 275170?
5
What is the greatest common divisor of 524 and 1668?
4
What is the greatest common divisor of 822460 and 2360?
1180
What is the highest common divisor of 4726 and 1564?
34
What is the greatest common factor of 1300 and 619580?
260
Calculate the greatest common divisor of 12411 and 8505.
63
Calculate the 